4/24 + 15*j**3/2 + 321*j**2 + 1. Calculate r(1).
-2
Let u(q) = 2*q**2 + 2*q**2 + q**3 + 46*q + 45*q - 143*q + 48*q + 1. Let g be -5*2*(-1)/4*-2. Determine u(g).
-4
Let h(u) = -37*u - 221. Suppose 3*k - 5*m = 22, 3*k + 11*m - 6 = 14*m. What is h(k)?
1
Let o(a) = -44 - a + 5*a - 14*a**2 - 53 + 6*a**3 + 89. Let j(l) = -7*l**3 + 15*l**2 - 3*l + 9. Let v(y) = 5*j(y) + 6*o(y). Determine v(8).
5
Let u(c) = -150*c - 32*c + 7*c**2 + c**3 + 195*c + 15 - 28*c. Calculate u(-9).
-12
Let n(r) = -139*r - 462. Let v(j) = -149*j - 457. Let d(c) = 3*n(c) - 2*v(c). Calculate d(-4).
4
Let p(q) = -q + 4. Let o(n) = -7*n**2 + n + 1. Let d be o(1). Let z be (-10)/(25/d) + 1. Suppose -z*j + 24 = 2*h, -j = 3*j - 16. Determine p(h).
-2
Let d be (-4)/2 + -14 + 18. Let n = -6 + 7. Let p(g) = g + n - 2*g + 2*g**2 - g**3 - g. Give p(d).
-3
Let a be 6/8*(76 - 80). Let q(v) = -5*v + 1. Determine q(a).
16
Let y(d) = -3*d + 41. Let i(l) = -l**3 + 7*l**2 - 53*l + 666. Let c be i(9). Calculate y(c).
-40
Let r(t) = -t**2 + 3*t - 3. Let q(c) = -2*c - 3. Let b be q(-4). Suppose 41*y - 37*y - 16 = 0. Let h be b - y/(-12)*-6. Calculate r(h).
-3
Let g(h) = 2*h - 3 + 0 + 3 + 1. Let q(p) be the first derivative of -3*p**2/2 + 24*p + 17. Let c be q(9). What is g(c)?
-5
Let v = 11 + -5. Let t(a) = 2*a - 1. Let h(n) = n**2 + n. Let y(i) = 3*i**2 + 3*i - 4. Let j(m) = 2*h(m) - y(m). Let o(l) = -j(l) - 3*t(l). Calculate o(v).
5
Let u(h) = -10*h**3 + 8*h**2 - 7*h + 10. Let i(f) = 17*f**3 - 14*f**2 + 12*f - 18. Let n(j) = 6*i(j) + 11*u(j). Determine n(1).
-7
Suppose 19*j + 8*j - 108 = 0. Let g(y) = 3*y**2 + 11*y - 10. Let w(r) = -2*r**2 - 10*r + 9. Let o(m) = j*w(m) + 3*g(m). Suppose 5*a - 25 = -0. Calculate o(a).
-4
Let y(i) = -275*i**2 - i + 0 + i**3 - 6 + 278*i**2 + 7. Give y(-5).
-44
Suppose 4*h - 40 = 4*v + 40, 2*v + 70 = 4*h. Let t(f) = -55 + 103 - f**2 + 2*f - 49 + h*f**2. What is t(1)?
15
Suppose -16 = -4*a - 2*z, 3*a - 22 = -2*a - 3*z. Let d(r) = 3*r**2 + r**a - 12*r**2 - 432*r + 433*r. Determine d(1).
-7
Let t(k) = -k - 10*k + 1 + 9 + 10*k. Let s = 1580 + -1573. Determine t(s).
3
Let u(p) = 3*p + 5. Suppose 0 = 6*c + 2*i + 2, -2*i = -14*c + 11*c + 2. Give u(c).
5
Let i be ((-27)/135)/((-1)/15). Let o(g) = -10 - 13*g**2 + 9*g + i*g**2 + 9*g**2. Determine o(7).
4
Let v(y) be the third derivative of 1/60*y**5 - 1/12*y**4 - 2*y**2 + 20*y + 0 + 2/3*y**3. What is v(0)?
4
Let p(m) = -314 - 298 + 23*m - 215 - 219 + 1162. Calculate p(-4).
24
Let u(a) = 5*a - 1. Let p(y) = 9*y**2 - 2*y. Let o(h) = -h**2 - h - 1. Let t(w) = o(w) - p(w). Let g be t(1). Let m be 6/(-15) - 14/g. Determine u(m).
4
Suppose -2765*b - 100 = -2785*b. Let l(c) = 1 - 8 - 4*c + 0*c**2 + c**2. Calculate l(b).
-2
Let m(a) = -4*a**2 - 8*a + 3. Suppose -55*r - 124 = -39 + 80. Give m(r).
-9
Let r(h) = h + 1. Let m(q) = -4*q**2 - 5*q + 2. Let v(f) = -m(f) + r(f). Let o be v(-2). Suppose -3*k = -6*k + o. Let g(u) = 11*u. Give g(k).
11
Let m(a) = -21*a + 21. Let d be m(1). Let z(h) = -h**2 + 2 + 24*h**3 - 13*h**3 - 12*h**3. Determine z(d).
2
Let w(k) = -3 - 8 + 3 + 2 + 5*k. Let q(v) = -v - 1. Let r(i) = i**2 + 8*i - 16. Let u be r(-9). Let y be q(u). What is w(y)?
24
Suppose 50 = 5*i + 4*p, -i + 5*p - 16 = 3. Let r(k) be the third derivative of -k**6/120 + k**5/10 - k**4/8 + k**3/3 - 9120*k**2. Give r(i).
-16
Let b = 22 + -82. Let j be -1*10*b/8. Let s be (-45)/j - (-8)/5. Let x(d) = -11*d**3 - 2*d**2 + 2*d - 1. Determine x(s).
-12
Let q(a) = 8*a + 2 - 2 + 4*a. Suppose 3*h = 265 - 268. What is q(h)?
-12
Let m(w) be the second derivative of -w**5/20 - 5*w**4/12 + 5*w**3/6 - 16*w. Let k = 27 + -25. Let z(p) = -4*p + 2. Let v be z(k). Give m(v).
6
Let w(n) = -4*n - 19. Let c be w(-12). Let s = -16 + c. Suppose -5*d - 6 = -26, g - s = -2*d. Let h(q) = -q**3 + 5*q**2 - 2*q - 7. Determine h(g).
-17
Let b(l) = -5*l + 42. Let n be b(23). Let h = -79 - n. Let z(o) = -13*o**2 + o + 6. Let t(g) = 7*g**2 - g - 3. Let f(r) = -11*t(r) - 6*z(r). Calculate f(h).
3
Suppose -4*h - 18 - 3 = 5*o, -2*h = 2*o + 10. Let i(y) = 1. Let n(b) = -4*b**2 - 5*b - 5. Let u(f) = o*n(f) - 3*i(f). Determine u(-3).
23
Let t(f) = -10*f + 43. Let m(x) = 18*x + 30 - 37*x + 55. Let v(s) = 6*m(s) - 11*t(s). Let u be v(10). Let q(a) = -a**3 - 3*a**2 + 2*a + 1. Determine q(u).
-5
Let n(q) = 6*q - 28. Let u be n(5). Let a(f) = 4*f + 148*f**3 + f**u - 149*f**3 - 3*f**2. Determine a(-4).
16
Let g(w) = 64*w**2 - w - 1. Let n(s) = 156*s**2 - 3*s - 3. Let y(o) = 12*g(o) - 5*n(o). Calculate y(-2).
-51
Let d(u) = 2*u**2 + 11*u - 16. Suppose 44*w - 502 = -101*w + 223. What is d(w)?
89
Let t = -68 + 62. Let x(b) be the first derivative of b**2/2 + 7*b + 187. Give x(t).
1
Let t(i) = -i**3 + 11*i**2 + 24*i + 26. Let q be (64/(-16) - -2*(-6)/(-4))*-13. Give t(q).
0
Let q(l) = l**2 - 4. Let f(k) = 14*k**3 - 5*k**2 + 3*k + 14. Let h = 733 - 734. Let t(j) = h*f(j) - 4*q(j). Determine t(1).
-14
Let n(t) = 7*t - 2. Suppose -754 = -6*c + 326. Let f be c/450 - (-1 + 3/(-5)). Give n(f).
12
Let o = -27145 + 27144. Let t(r) = 7*r**2 + 13*r + 11. What is t(o)?
5
Suppose 28 = 4*p, -43*x + 39*x - 55 = -5*p. Let k(y) = -3*y**2 - 7*y - 4. Calculate k(x).
-44
Let t(n) = -n**2 + 8*n + 2. Suppose 755 = 239*p - 201. Calculate t(p).
18
Suppose 4 - 16 = -6*o. Suppose 0 = 4*z - o*z + 30. Let w be 15*((-10)/z)/(-2). Let t(y) = y + 2. What is t(w)?
-3
Let p(d) = -d**2 + 40*d - 146. Suppose -510*g + 10872 = -208*g. Give p(g).
-2
Let k(v) = 386*v**2 - 95*v**2 - 21 - 95*v**2 - 2*v**3 - 92*v**2 + 9*v - 100*v**2. What is k(3)?
-12
Let r(b) = 3*b - 5*b**2 - 97*b**3 + 51*b**3 + 47*b**3. Let p be -1 - (-19)/2*(-22)/(-1). Let i = -205 + p. Calculate r(i).
-9
Let v(l) be the first derivative of -l**3/2 - l**2/2 + 20*l + 68. Let n(w) be the first derivative of v(w). Give n(3).
-10
Let h(i) = 7*i - 54. Let b be h(9). Let p be ((-4)/(60/b))/((-5)/25). Let g(t) = -t**2 - 1. Calculate g(p).
-10
Let s(g) = g**2 - 3*g - 1. Let h(f) = 21 - 6*f - 2*f - 38 + f**2. Let q be h(10). Suppose -q*i - 3*n + 3 = 0, 0 = 5*n + 5. Determine s(i).
-3
Suppose -4946*y + 4976*y - 90 = 0. Let v(k) = k**2 - 2. What is v(y)?
7
Let h(b) = 4*b + 5. Suppose -17 - 36 = -50*y + 147. Calculate h(y).
21
Let m(p) = -13*p**2 - p. Let f(h) = -h**2 + 11*h + 2. Let b be f(5). Suppose 29*d + 3 = b*d. What is m(d)?
-14
Let v be (-15)/(-6)*(21 + -5 + -10). Let k(m) = -2*m + 38. What is k(v)?
8
Let l(h) = 65*h + 106. Let p be l(6). Let o = p + -514. Let k(a) = a**3 + 18*a**2 + a + 15. Determine k(o).
-3
Suppose -z - 3*z + 52 = 0. Let h(f) be the second derivative of f**3/6 - 8*f**2 + 3*f + 121. Give h(z).
-3
Let s(q) = -2*q + 6. Let u = -189 + 185. Let m be (4 + u)/(1 + 1). What is s(m)?
6
Suppose -11 + 44 = -11*a. Let v be 6/(-1) + a + 1. Let j(o) = -3 + 4 + o + 5 - 4. Determine j(v).
-6
Suppose -4*z = -4*d - 16, -2*d - 12 = z - 4*z. Let w be 4 + (3 - (-2 + 7)). Let p(y) = 23 + 3*y - 4*y + w*y - 20 + y**2. What is p(d)?
3
Let q(d) = -d**3 + 2*d**2 + 5*d - 3. Suppose -426*r + 85 = -409*r. Determine q(r).
-53
Let u(g) = -14*g**2 + 2 + 7*g + 0*g**2 + 15*g**2 + g. Give u(-6).
-10
Let j(p) = 5*p**3 + 25*p - 9. Let n(y) = 2*y**3 + 11*y - 5. Let u(a) = 4*j(a) - 9*n(a). Give u(0).
9
Let l = 568 - 566. Let v(f) = 4 + 10*f**l + 12*f**2 + 3*f - 23*f**2. Determine v(5).
-6
Let f(v) = -v**2 + 2*v. Let q(i) = -i**3 - 25*i**2 + 27*i + 35. Let y be q(-26). Suppose 5*j - 4*c = 3, -3*j - 4*c + y = -4*j. Give f(j).
-3
Let v be (1 - 18/22) + (-27354)/(-3102). Let h(q) = -2*q**3 + 16*q**2 + 17*q - 11. Give h(v).
-20
Let k(o) = -o**3 + o**2 - 2*o + 3. Let v be k(0). Let t be 63/12 - v/12. Let q(s) = t*s + s**2 - s + 6 - 11*s. Give q(6).
0
Let f(w) = 3*w - 6. Let l = 171 - 165. Suppose 3*t - 22 = -2*x, -4*x = -x - l. Give f(t).
12
Let s(m) = 16*m + 35. Let r(k) = -6*k - 18. Let z(g) = 5*r(g) + 2*s(g). Suppose 5*n - 47 + 3 = -2*f, -2*f - 56 = -5*n. Give z(n).
0
Let a(c) be the first derivative of -c**4/4 + 4*c**3 - 11*c**2/2 + 5*c - 5775. Determine a(11).
5
Let f(y) = y**3 + 9*y**2 + 5*y - 6. Let i be f(-8). Let x(w) = 16 - 3*w**2 - 7*w**2 + 7*w + 11*w**2 - 27 + i. What is x(-4)?
-5
Let s(o) = -1. Let r(q) = q - 5. Let n be r(-1). Let i(l) = l + 8. Let v(x) = n*s(x) - i(x). Let d be -1 - ((1 - -1) + -3). Calculate v(d).
-2
Let r(v) = 504*v + 82 + 502*v + 499*v + 499*v - 2010*v.